 be r(2). Suppose -4*i + w = -m, -2*m + 4*m - i - 9 = 0. List the prime factors of (m/(-3))/(2/(-18)).
3, 7
Let z(b) = b**2 - 22*b. Let t be z(22). Let c(v) = 15*v + 186. List the prime factors of c(t).
2, 3, 31
Suppose 0 = 8*d + 2*d - 270. Suppose -j + 6*j - d = -3*q, -q - 2 = -2*j. What are the prime factors of (q + -198)*3/6*-1?
97
Let h = -5932 - -15279. List the prime factors of h.
13, 719
Suppose 30 = p + 4*w, 8*p - 5*p - 2*w = 146. Suppose 0*v = 5*m - v - 193, 0 = -5*m + 2*v + 191. Let l = p - m. List the prime factors of l.
7
Let j(x) = -148*x**3 + x**2 + 24*x + 62. What are the prime factors of j(-4)?
2, 29, 163
Let b be (4/6)/1*(-24)/(-1). Suppose 3*d + b = -u - 2, 3*u - 4*d + 28 = 0. List the prime factors of u/6 - (4 - 167).
7, 23
Let h(c) = 13*c**3 + 5*c**2 + 11*c - 11. Let p be h(5). Let t = p + -1275. List the prime factors of t.
3, 173
Suppose -347 + 40641 = 3*r + 5*q, q = r - 13442. List the prime factors of r.
2, 6719
What are the prime factors of (-1722)/(-2) - (147 + -131)?
5, 13
List the prime factors of (8 + 83998)/13 - 14.
2, 13, 31
Suppose 3*g + 86 = 4*i, -g = -2 + 4. Let y(c) = 9*c - 5*c - 5 - i*c + 12. What are the prime factors of y(-11)?
3, 61
Let d = 149 + -146. Let k(l) = -l**3 + 3*l**2 + 3*l + 2. Let x be k(d). Suppose -1198 = -x*z + 1585. List the prime factors of z.
11, 23
Let q(w) = -w**2 - 13*w - 9. Let j = -65 + 53. Let i be q(j). Suppose 4*n = i*m + 6*n - 373, 4 = -n. What are the prime factors of m?
127
Let z(w) = -2*w**3 - 16*w**2 + 7*w + 12. Let g(j) = j**3 + 29*j**2 - 10*j - 36. Let i be g(-29). Suppose m + i = 245. List the prime factors of z(m).
3, 37
Let p(u) = -u**2 + 14*u - 24. Let a be p(17). Let i = -35 - a. Suppose -i = -o + 149. List the prime factors of o.
3, 7
List the prime factors of (-777798)/(-27) - (3/(-18)*4 - -1).
28807
Suppose 8*c - 12*c = 0. Suppose -m - 4 = -o - 2, 2*m + o - 8 = c. Suppose 2*u = -m*d + 312, 4*u + 160 = d + 3*u. What are the prime factors of d?
2, 79
Suppose -5*k = -1 + 26. List the prime factors of -3*(448/35)/(3/k).
2
Suppose -m + 0 = -3. Let w(r) = 51*r**3 - 136*r**3 + 41*r**3 - 2*r**2 + 50*r**3 + 7*r. What are the prime factors of w(m)?
3, 5, 11
Let v = -23941 - -38412. List the prime factors of v.
29, 499
Let o(c) = 3*c + 27. Let k be o(-9). Suppose 2*v + 2*t - 6*t = 576, k = -t - 2. List the prime factors of v.
2, 71
Let k(v) = -5*v - 11. Suppose 3*f + l = 4*f + 8, -2*l = -10. Let y be k(f). Suppose 5*h = -5*c + 40, 3*c + y*h + h = 20. List the prime factors of c.
2, 5
Suppose 275*m = 281*m + 6. Let f(y) = 1291*y**2 + 28*y + 27. List the prime factors of f(m).
2, 3, 5, 43
Let o = 66 + -60. Suppose -98 = 4*g - o*g. Let t = -15 + g. What are the prime factors of t?
2, 17
Let t = -1795 + 3184. List the prime factors of t.
3, 463
List the prime factors of (-2)/(-4)*(-43668)/18*-1.
1213
Let f(w) = -463*w + 571. What are the prime factors of f(-8)?
3, 5, 19
Suppose -8652 = -4*s - 3*m, -4*m + 2585 + 6063 = 4*s. Suppose 4*r - 998 = s. What are the prime factors of r?
7, 113
Suppose -4*u = -d + 4542, -29*d + 13670 = -26*d - u. List the prime factors of d.
2, 43, 53
Suppose -36*z + 382059 = -224469. List the prime factors of z.
2, 3, 13
Suppose g + 225 + 600 = 0. Let u = g - -440. Let y = -228 - u. What are the prime factors of y?
157
Suppose 0 = 4005*w - 3996*w - 78579. List the prime factors of w.
8731
Suppose c = 5*c - 30364 - 14748. What are the prime factors of c?
2, 5639
Suppose 3*q - 17 = -4*m - 2*q, m - 6 = -3*q. Suppose 301 = m*y - 4*f - 85, -2*f = 4. Suppose -5*v + 317 = 2*j - y, v = 2*j + 79. List the prime factors of v.
3, 29
Let n(z) = 60*z**2 - 185*z + 58. List the prime factors of n(21).
13, 1741
Let x(d) = 20*d**2 + 34*d + 457. List the prime factors of x(-40).
11, 257
Let p be (-99)/(-45) + (-1)/5. Suppose -320 - 22 = -p*l. What are the prime factors of l?
3, 19
Let j be (0/1 - -7) + (-6 - -5). Let s = j + -104. Let r = s + 145. What are the prime factors of r?
47
Let x = 24797 - -65. List the prime factors of x.
2, 31, 401
Let b = -393 + 185. Let j = 690 + b. What are the prime factors of j?
2, 241
Suppose 3*q = 2*i + 2*i + 22, -2*i + 4 = 0. Suppose 2*c - 14 = -q. Suppose -c*s + 186 + 18 = 0. List the prime factors of s.
2, 3, 17
Let v be -7*24/(-56) - -5. Let s(t) = 2*t**2 + 3*t + 14. What are the prime factors of s(v)?
2, 83
Let b(f) = 2*f**2 + 3*f + 1. Let r be b(-1). Suppose 3*s - 1041 = -r*s. Suppose 2*l - l - 115 = -v, -3*l - v + s = 0. What are the prime factors of l?
2, 29
Suppose -11*p - 42776 = 2*p - 192549. List the prime factors of p.
41, 281
Suppose 4*c - 6960 = -8*a + 4*a, -3*c = -a + 1732. Let b = -816 + a. List the prime factors of b.
2, 461
What are the prime factors of ((-56708)/(-12) + -7)/(0 - 6/(-9))?
2, 3539
Let o(g) = -g**3 + 2*g**2 - 4*g + 24. Let d be o(3). Suppose 0 = -3*n - d*t + 3348, -t - 5568 = -5*n - 0*t. What are the prime factors of n?
2, 557
Suppose 0 = -13*n + 3*n + 167610. What are the prime factors of n?
3, 37, 151
Suppose 56*w - 32075628 = -452*w. What are the prime factors of w?
3, 13, 1619
Let h be 30*((-300)/9)/(-4). Let t(m) = m**3 - 11*m**2 - 11*m + 18. Let c be t(12). Suppose 5*j + c - h = 0. List the prime factors of j.
2, 11
Suppose 65 - 527 = -7*m. Let v = m + -51. List the prime factors of 162/v + 4/20.
11
Let u = 6 - 38. Let g = u + 35. Suppose -2*f = -5*i + 150, -g*i + i - 5*f = -89. What are the prime factors of i?
2
Let m = -4 + 5. Let t be (-4)/m - (8 - 0). List the prime factors of (82/t)/(5/(-30)).
41
Suppose 139*v + 554760 = 229*v. What are the prime factors of v?
2, 23, 67
Suppose -5*k + 1852 = -3*k. List the prime factors of k/6 - (-32)/(-96).
2, 7, 11
Suppose 31*w - 3228 = -10513. Let u = -214 - w. What are the prime factors of u?
3, 7
Let n be (-1 + -1)*48/(-24). Let k(j) = 382*j - n + 6 + 4 - 371*j. List the prime factors of k(4).
2, 5
Let h be (3/(-2))/(5/(-10)). Let m(f) = 7 - 14*f - 8*f**2 + h*f + 5*f**3 - 21 - 4*f**3. List the prime factors of m(10).
2, 19
Let y = 2205 - -61190. What are the prime factors of y?
5, 31, 409
Let q be (-12)/114 + (-192)/(-19) - 3. List the prime factors of 514 + q*(-4)/(-4) + -3.
2, 7, 37
Let b(i) = 185*i - 15. Let h be b(5). Suppose 9*f = 2906 + h. List the prime factors of f.
2, 53
Suppose -12*u = -23*u + 44. Suppose -2*p = u*m - 230, 5*m - 4*p = 368 - 74. What are the prime factors of m?
2, 29
Let b(a) = a**3 - 7*a**2 - 12*a + 117. Let i be b(7). Suppose 0 = -t + 2*v + 2068, -5*t - i*v = -29*v - 10382. What are the prime factors of t?
2, 17, 61
List the prime factors of (1 - 3)/(12662*(-111)/281094 - -5).
11, 4259
Let s(v) be the third derivative of -v**7/840 - v**6/90 + 7*v**5/30 - v**2. Let m(j) be the third derivative of s(j). What are the prime factors of m(-3)?
2, 5
Suppose 2*g = -3*s - 8, 6*s + 12 = 7*s - 3*g. Suppose s = -7*h - 27 + 1742. What are the prime factors of h?
5, 7
Suppose s - 32736 = -19*s + 14*s. List the prime factors of s.
2, 11, 31
Suppose -4*s = 5*g - 1800, 2*g + 0*g = -5*s + 737. Suppose 0 = 8*p - 140 - g. List the prime factors of p.
2, 31
Suppose -3*b - 50 = -971. Suppose -3*m = -332 - b. What are the prime factors of m?
3, 71
Suppose 5*y - 54030 = 2*x, -3*y + 121*x + 32418 = 117*x. List the prime factors of y.
2, 3, 1801
Let l(y) = y**3 - 4*y**2 - 8*y + 5. Let o be l(5). Let i be 4/o - 13/5. List the prime factors of (-22)/(-2 + (-5)/i).
2, 3, 11
Suppose -45*w + 50*w + 5*r = 121255, -4*w + 97009 = -r. What are the prime factors of w?
2, 3, 43, 47
Let v(h) = 2060*h**3 + 15*h - 21. List the prime factors of v(2).
11, 1499
Suppose -4*p + 7 - 15 = 0. Let x(o) = -o**2 - 6*o. Let c be x(p). Suppose -10*w + c*w + 268 = 0. List the prime factors of w.
2, 67
Let h(v) = -35*v - 38. Suppose 0 = 13*t + 67 - 15. Let d be h(t). Suppose 8 - d = -g. List the prime factors of g.
2, 47
Let u be (-4 - (-1 - 0)) + 120/24. Suppose 0 = -w - 4*k + 1239, 4*w = -w + u*k + 6239. List the prime factors of w.
29, 43
Suppose -11310 - 2902 = -22*q. List the prime factors of q.
2, 17, 19
Let s = 2179 - 1079. Suppose -3*f + 1026 = 3*t, -3*t + s = 2*f + 78. What are the prime factors of t?
2, 13
Let v(m) = m**3 + 74*m**2 + 19*m - 823. List the prime factors of v(-69).
13, 1667
Let d be 1*3532/3*-6. Let p = d + 5018. List the prime factors of 2/(-10) - p/30.